divided by 892.
19
What is the remainder when 712896407 is divided by 6408?
6407
Calculate the remainder when 42816 is divided by 953.
884
What is the remainder when 83320 is divided by 83033?
287
Calculate the remainder when 57701 is divided by 4976.
2965
Calculate the remainder when 548087 is divided by 1356.
263
What is the remainder when 30940331 is divided by 1423?
42
Calculate the remainder when 937479 is divided by 936278.
1201
Calculate the remainder when 375369 is divided by 6067.
5282
What is the remainder when 1227742 is divided by 467?
466
Calculate the remainder when 1387489 is divided by 802.
29
Calculate the remainder when 6562541 is divided by 561.
524
What is the remainder when 17487 is divided by 2528?
2319
What is the remainder when 51079453 is divided by 143?
139
Calculate the remainder when 7838178 is divided by 55.
18
What is the remainder when 169089 is divided by 48?
33
Calculate the remainder when 13860758 is divided by 770.
758
What is the remainder when 35578727 is divided by 18349?
16
Calculate the remainder when 3491527 is divided by 27.
22
Calculate the remainder when 315351 is divided by 224.
183
Calculate the remainder when 2390222 is divided by 10215.
10127
Calculate the remainder when 44988 is divided by 577.
559
Calculate the remainder when 1198432167 is divided by 26.
23
Calculate the remainder when 7750 is divided by 1144.
886
What is the remainder when 18976407 is divided by 37?
32
What is the remainder when 7959533 is divided by 19?
15
Calculate the remainder when 2421497 is divided by 1260.
1037
What is the remainder when 2660235 is divided by 380033?
4
What is the remainder when 30443 is divided by 1330?
1183
What is the remainder when 16335205 is divided by 408380?
5
Calculate the remainder when 4801274 is divided by 620.
614
Calculate the remainder when 241555 is divided by 869.
842
Calculate the remainder when 170519 is divided by 80.
39
What is the remainder when 27161992 is divided by 20?
12
What is the remainder when 3870056 is divided by 1935027?
2
What is the remainder when 662062 is divided by 330997?
68
What is the remainder when 134811 is divided by 1360?
171
What is the remainder when 2213304 is divided by 764?
760
What is the remainder when 157352 is divided by 15?
2
What is the remainder when 602184 is divided by 141?
114
What is the remainder when 807468 is divided by 1041?
693
Calculate the remainder when 167493 is divided by 6791.
4509
Calculate the remainder when 3798259 is divided by 4432.
35
Calculate the remainder when 11682577 is divided by 1372.
1369
Calculate the remainder when 40755689 is divided by 174917.
28
Calculate the remainder when 46964480 is divided by 15654824.
8
What is the remainder when 109900 is divided by 4?
0
What is the remainder when 1832 is divided by 913?
6
Calculate the remainder when 96755 is divided by 48178.
399
Calculate the remainder when 205554 is divided by 20459.
964
Calculate the remainder when 14259536 is divided by 71.
38
What is the remainder when 16941970 is divided by 1707?
1702
What is the remainder when 373348 is divided by 13827?
19
What is the remainder when 60220 is divided by 56211?
4009
What is the remainder when 24847 is divided by 1892?
251
What is the remainder when 26076002 is divided by 169?
147
What is the remainder when 1343763 is divided by 335912?
115
Calculate the remainder when 3633472 is divided by 49.
24
Calculate the remainder when 782478 is divided by 55390.
7018
Calculate the remainder when 532837 is divided by 48434.
63
Calculate the remainder when 4987943 is divided by 26391.
44
Calculate the remainder when 126718 is divided by 1666.
102
Calculate the remainder when 180867622 is divided by 25.
22
What is the remainder when 15163097 is divided by 167?
165
What is the remainder when 2560512 is divided by 27?
21
What is the remainder when 94598 is divided by 368?
22
Calculate the remainder when 33742135 is divided by 1986.
1981
What is the remainder when 18915176 is divided by 4209?
4139
What is the remainder when 64014 is divided by 3734?
536
Calculate the remainder when 6175483 is divided by 212945.
78
Calculate the remainder when 12213013 is divided by 4.
1
What is the remainder when 12676828 is divided by 4391?
11
What is the remainder when 8724042 is divided by 109?
9
Calculate the remainder when 6195677 is divided by 32.
29
Calculate the remainder when 553685349 is divided by 1452.
1449
Calculate the remainder when 112755829 is divided by 785.
784
Calculate the remainder when 1618968 is divided by 41.
1
What is the remainder when 9094784 is divided by 3521?
41
Calculate the remainder when 240008742 is divided by 949.
948
Calculate the remainder when 32092771 is divided by 5348794.
7
Calculate the remainder when 329814 is divided by 2556.
90
Calculate the remainder when 14143904 is divided by 120888.
8
Calculate the remainder when 8717953 is divided by 21420.
13
What is the remainder when 28395991 is divided by 13294?
7
What is the remainder when 31481702 is divided by 1097?
1093
Calculate the remainder when 1057139 is divided by 13905.
359
What is the remainder when 33473982 is divided by 1454?
1448
Calculate the remainder when 57484 is divided by 6413.
6180
Calculate the remainder when 136512 is divided by 398.
396
What is the remainder when 24392594 is divided by 34?
8
What is the remainder when 18055354 is divided by 31?
24
Calculate the remainder when 4895901 is divided by 1223975.
1
Calculate the remainder when 2633596 is divided by 34.
24
Calculate the remainder when 9780110 is divided by 63.
53
What is the remainder when 54192789 is divided by 54192783?
6
What is the remainder when 24633404 is divided by 774?
80
Calculate the remainder when 1107414 is divided by 1273.
1177
What is the remainder when 82882512 is divided by 74?
70
Calculate the remainder when 80988 is divided by 130.
128
Calculate the remainder when 421065 is divided by 22.
7
What is the remainder when 3958609 is divided by 2523?
22
What is the remainder when 554627 is divided by 23?
5
What is the remainder when 11776 is divided by 751?
511
Calculate the remainder when 5419424 is divided by 1299.
1295
What is the remainder when 36877014 is divided by 9?
0
What is the remainder when 3678925 is divided by 564?
517
Calculate the remainder when 18123201 is divided by 2675.
76
What is the remainder when 8342965 is divided by 2780987?
4
Calculate the remainder when 462431 is divided by 457.
404
What is the remainder when 318929 is divided by 3096?
41
Calculate the remainder when 12741986 is divided by 5.
1
What is the remainder when 408539 is divided by 4038?
701
What is the remainder when 122444 is divided by 11012?
1312
What is the remainder when 63458823 is divided by 163?
152
What is the remainder when 1660047 is divided by 5744?
31
Calculate the remainder when 25923113 is divided by 44313.
8
What is the remainder when 313641 is divided by 1153?
25
What is the remainder when 43296283 is divided by 84?
79
Calculate the remainder when 111699 is divided by 2234.
2233
What is the remainder when 12226307 is divided by 10?
7
Calculate the remainder when 150404 is divided by 49998.
410
Calculate the remainder when 45639 is divided by 6342.
1245
What is the remainder when 14656750 is divided by 487?
485
What is the remainder when 29201 is divided by 450?
401
What is the remainder when 641809759 is divided by 753?
751
What is the remainder when 2260386 is divided by 892?
58
What is the remainder when 339293353 is divided by 57?
55
What is the remainder when 3397026 is divided by 784?
738
What is the remainder when 60838556 is divided by 40?
36
Calculate the remainder when 14144070 is divided by 691.
682
Calculate the remainder when 46871995 is divided by 30.
25
What is the remainder when 523345 is divided by 87221?
19
Calculate the remainder when 2303593 is divided by 3418.
3279
Calculate the remainder when 6064956 is divided by 466535.
1
Calculate the remainder when 28517638 is divided by 28517615.
23
What is the remainder when 2288343 is divided by 762745?
108
Calculate the remainder when 9367355 is divided by 4010.
4005
What is the remainder when 37497 is divided by 1294?
1265
Calculate the remainder when 2335733 is divided by 63106.
811
Calculate 